 6 + -12. Is i/o - (-66)/9 a prime number?
True
Let b = -6 + -2. Is 2 + 89 + b/4 a composite number?
False
Let y be (-5)/(70/(-4))*7. Suppose 33 = w + 3*s, -y*s = 2*w + 2*w - 92. Let b = w - -44. Is b prime?
False
Suppose 4*t - 7 = 5. Suppose -7*i - 2*f + 138 = -t*i, -i + 33 = 2*f. Is (i - -2) + 2/(-1) composite?
True
Let i(y) = 2*y**2 + 6*y - 5. Let p be 3*3*18/(-27). Is i(p) prime?
True
Is 257 + -22 + (1 - 1) a composite number?
True
Is (-6941)/(-4) - (-10)/(-40) prime?
False
Let y = -71 + 24. Let r = y + 133. Is r composite?
True
Is (-2)/(-10) + 1767/15 a composite number?
True
Suppose 2*d = 2*g + 4 + 10, 3*d + 2*g = -4. Suppose -o - 55 = -d. Let i = o + 108. Is i a composite number?
True
Let f(w) = w**3 + 4*w**2 + w + 4. Let n be f(-4). Suppose -o + 12 - 1 = n. Suppose 4*a + o = -1, s + 3*a = 10. Is s composite?
False
Let a = -20 + 24. Suppose 136 + 572 = a*q. Is q a prime number?
False
Suppose -8*n + 3*n - 4*u + 10491 = 0, 2*u = 3*n - 6299. Let q = n - 1422. Is q a prime number?
True
Let k(f) = -9*f + 1. Let v be 2 + 3/3 + 1. Let x be k(v). Is 3*1/(-3)*x a composite number?
True
Let d be -47*(4 - 2)*1. Let h be (2 - 4)*d/(-4). Let j = h + 174. Is j a composite number?
False
Let a(g) = 2*g**2 + 2*g - 1. Let i be a(-2). Suppose -i*z + 2 - 8 = 0. Is (-1 - -3 - -58) + z composite?
True
Suppose -3*p = 3*k - 150, -2*p + k + 155 = 64. Is p prime?
True
Suppose 2*a = -4*g + 3970, 3*g - 5*a - 2334 - 676 = 0. Is g prime?
False
Let z = 2650 + -1487. Is z a prime number?
True
Is (-4797)/(-6) - (3/2)/3 prime?
False
Suppose 0*g - 2*g + 354 = 0. Suppose r - 5*r = 0, -g = -s - 5*r. Is s prime?
False
Let g(m) = m**3 - m**2 + m + 797. Let w be g(0). Suppose 0 = -2*d + 5*z + 294, -5*z + w = 5*d - 2*z. Is d prime?
True
Suppose -6*r = -r - 95. Let a = r + -4. Is a composite?
True
Suppose 10*a + 562 = 2*j + 5*a, a - 4 = 0. Is j a composite number?
True
Suppose -4*c + 783 = -1417. Suppose 2*s = -3*u + 326, -5*u + 2*s = 7*s - c. Is u a composite number?
True
Suppose 4*a + 539 = -337. Let f = a + -49. Is (4/(-8))/(2/f) composite?
False
Let t = 219 - 92. Let x = 186 - t. Is x a prime number?
True
Let w = 75 - 105. Is (w/9)/(3/(-9)) prime?
False
Let y be (3 - 8)*124/10. Let k = 115 + y. Let v = k - 0. Is v composite?
False
Let z = 129 - -1232. Is z a composite number?
False
Suppose 0 = 3*z - 8*z + 170. Let w = z + 19. Is w a prime number?
True
Let d = 1305 + -62. Is d a prime number?
False
Suppose -2*k + 140 = -3*i, 5*k + 125 - 458 = -i. Is k prime?
True
Let r be 15/20 - 2514/(-8). Let c = 5 + 1. Is 2/3*r/c prime?
False
Is 1/(378/748 + 7/(-14)) composite?
True
Suppose -4*d - 2*c = -3*d - 6, 2*d = 5*c - 6. Let o(p) = -26*p**2 + p - 1. Let f be o(1). Is (1 - 3/d)*f prime?
True
Suppose g + 3 = 0, -2*j + 8 = 2*g + 2*g. Let s be j/55 - (-1632)/(-22). Is (-1)/(4/s)*2 a prime number?
True
Suppose -o + 6*o - 49 = -3*x, 3*o = 3*x + 15. Let g(u) = u**3 - 6*u**2 - 6*u + 3. Is g(o) a composite number?
False
Let c = -16 + 23. Let d(t) = -t**2 + 8*t - 9. Let n be d(c). Is n/4*(0 - 154) a composite number?
True
Is 1*(0 - 97*-5) prime?
False
Suppose 3*w = -7 + 16, -a - 4*w + 587 = 0. Let h = -282 + a. Is h composite?
False
Let n be 2/4*2*1. Suppose -14 = -f - n. Is f a prime number?
True
Suppose 3*d - 5*d = 6. Let b(h) = -h**2 + 1. Let n(j) = -9*j**2 + 2*j - 8. Let c(u) = -4*b(u) - n(u). Is c(d) a composite number?
False
Let l(r) = r**3 - r**2 + r + 757. Is l(0) a composite number?
False
Let k(d) = 258*d**3 + d**2 + d + 1. Let j be k(-1). Is (j + 0)/(3 + -4) composite?
False
Let m = 1 - 3. Let i be 10/4*(-4)/m. Suppose 11 = i*c - 59. Is c a composite number?
True
Is 2/6 + (-136792)/(-24) - -1 composite?
False
Let o = 2 - 4. Let j = -5 - o. Is (1/j)/(-1)*141 prime?
True
Suppose -22 = -5*v - 7. Suppose 2*g + 65 = v*g. Is g prime?
False
Let o(x) = 33*x + 6*x - 14 + 15. Is o(6) a prime number?
False
Let b = -8 - -12. Is 157/2 + b/8 prime?
True
Let w(s) = 20*s**2 - 7*s - 1. Let v be w(-7). Suppose 4*g = -4*p + 1028, -3*g = 4*p - 7*g - v. Is p prime?
True
Suppose 2*y = -0*y - 376. Let i = y + 331. Is i composite?
True
Suppose -7 = -6*i + 2*i - x, -20 = -5*i - 5*x. Is 12/i - -1*2 composite?
True
Suppose -3*r - r - 318 = -2*k, 3*r = 4*k - 636. Let o = -29 - -23. Is (4/o)/((-2)/k) a composite number?
False
Let s = -2 + 1. Let c be s*28*14/(-8). Let v = 96 - c. Is v a prime number?
True
Let z(r) = -r**2 + 2*r + 3. Let g be z(4). Is (-11 - 0)/(g/15) composite?
True
Suppose -3*o - 1945 = -4*g, 2*o - 5 = -3*o. Is g prime?
True
Let a = 172 - -2. Suppose 0 = 3*n - 4*m - 115, 5*n - a = -2*m + 9. Is n prime?
True
Let u(c) = 19*c. Let n be -3*(2 + (-14)/6). Is u(n) a composite number?
False
Suppose b - 192 = 239. Is b a composite number?
False
Suppose 2*l = 2*g - g - 217, 3*g + l = 672. Is g a composite number?
False
Let s be (-1)/2*(-1655 - -1). Let f = 1510 - s. Is f a composite number?
False
Let o be -917*(0 - (2 + -1)). Suppose -o = -2*q + 665. Is q a composite number?
True
Let f be (-1 - -4)*292/(-12). Let z = f + 128. Is z prime?
False
Let g = 4 + 4. Let v = g - 5. Suppose -y + v*y = 12. Is y prime?
False
Let b = -14 - -19. Suppose 0*j - 2*j + 4*w + 638 = 0, 0 = -b*j + 5*w + 1615. Is j composite?
True
Suppose 5*q - 673 - 927 = 0. Suppose 0 = 4*f - 8*f + 8. Suppose -d = -5*l + q + 166, f*l + d = 193. Is l a prime number?
True
Let c = -42 - -199. Is c prime?
True
Is (-1)/(-9) - (-5704)/18 a prime number?
True
Suppose 0*x = 2*x - 96. Let c = 10 - x. Let o = c - -61. Is o composite?
False
Let a(q) = -q**2 + 9*q - 9. Let x = 8 - 1. Let y be a(x). Suppose 5*n - 5*k = 40, -2*n - 2*k + 14 = -y*k. Is n prime?
False
Let u(z) be the first derivative of z**4/4 - 2*z**3 + 3*z**2/2 + 7*z - 1. Is u(7) composite?
True
Suppose -c - 9 = 20. Let p = c + 63. Is p a composite number?
True
Let w = 13 + 6. Let d = 10 - w. Let p = d - -16. Is p composite?
False
Let t(f) = -f**2 - f + 307. Let z(j) = -j**3 + j**2 - j + 5. Let y be z(0). Let c = y + -5. Is t(c) composite?
False
Let q(i) = i**3 + 7*i**2 - i - 5. Let u be q(-7). Is (-3)/u*3210/(-9) a prime number?
False
Let l be (-11711)/(-9) - 28/126. Suppose -5*r + 0*c + l = -2*c, 0 = -r + 3*c + 268. Is r a prime number?
False
Let p(t) = t**2 + 6*t + 7. Let z be p(-5). Suppose 0 = -q + 3, 2*n - z*q = q + 193. Let g = -66 + n. Is g prime?
False
Let t = -145 - -254. Is t a composite number?
False
Let m be (3/6)/(3/(-78)). Is -1 - 1*-2 - m a prime number?
False
Let u(h) = -7*h. Let w be u(2). Let n = w + 35. Is n prime?
False
Suppose -9 = 4*k - 37. Is k composite?
False
Is (444/8)/(1/2) a composite number?
True
Suppose v = 3*v - 40. Let p be (78/24)/((-4)/(-16)). Let d = p + v. Is d composite?
True
Let k = 7 + -12. Let s = -1 - k. Let p(g) = g**3 + g**2 - 6*g + 3. Is p(s) a composite number?
False
Suppose -2*q - 86 = -338. Let b = -61 + q. Is b prime?
False
Let v be (-22)/77 + (-88)/(-14). Suppose 955 = 11*t - v*t. Is t a prime number?
True
Let z = -90 + 160. Suppose -d = -4*l + 327, -3*d = 2*l - 111 - z. Is l a prime number?
True
Is (1 + 0 + -1802)*-1 composite?
False
Let f(g) = -16*g**3 - g - 1. Let y = -6 + 2. Let p = y - -2. Is f(p) a prime number?
False
Let y(f) = f**2 - 12*f + 3. Let b be y(12). Suppose c - 5*q - 1746 = -b*c, -2*c - 3*q = -884. Is c composite?
False
Suppose 3*h + j - 30 = 0, 19 = -4*h - j + 60. Is h prime?
True
Is 1/2*(-13)/((-39)/7914) a composite number?
False
Suppose -r - 16 = -5*r. Suppose 48 = -5*q + 3*y + 7, -4*y = -r*q - 28. Is (118/5)/(q/(-25)) a prime number?
True
Suppose -2 = -0*d - d. Suppose -204 = -0*i - d*i. Suppose 126 = 4*v - i. Is v prime?
False
Let j be (-1796)/(-6) - 5/15. Is 3/6*(-1 + j) prime?
True
Let y(p) = -94*p + 23. Is y(-6) a composite number?
False
Let z(m) = m**3 - 3*m**2 - 2*m - 5. Let v be z(4). Suppose -14 = -v*r + 1. Suppose 5*k = 5*a + 4*k - 119, -r*a + 107 = 2*k. Is a a composite number?
False
Suppose 5*w - p + 3*p - 9 = 0, 0 = 4*w + 4*p. Suppose -m - 5*y = -5, -7 = 2*y + w. Suppose 3*o = o + m. Is o a prime number?
False
Suppose 0*t - 5*t = -125. Suppose -4*w + w + 32 = 4*n, n + 5*w = t. Suppose 0 = n*i + 4*z - 235, -140 = -5*i + z + 120. Is i composite?
True
Suppose 2*v + 7 = 83. Suppose a + a = v. Is a prime?
True
Let o be (-27)/(-2)*4/(-3). Let v = -11 - o. Is v composite?
False
Suppose -3*g = -4*k + 850 -